{"id":655,"date":"2025-10-16T22:50:35","date_gmt":"2025-10-16T22:50:35","guid":{"rendered":"https:\/\/feelinggalapagos.com.ec\/site\/?page_id=655"},"modified":"2025-10-16T23:07:58","modified_gmt":"2025-10-16T23:07:58","slug":"reservacion-confirmacion-pagos-y-politicas-de-cancelacion","status":"publish","type":"page","link":"https:\/\/feelinggalapagos.com.ec\/site\/reservacion-confirmacion-pagos-y-politicas-de-cancelacion\/","title":{"rendered":"Reservaci\u00f3n, Confirmaci\u00f3n, Pagos y Pol\u00edticas de Cancelaci\u00f3n"},"content":{"rendered":"\t\t<div data-elementor-type=\"wp-page\" data-elementor-id=\"655\" class=\"elementor elementor-655\" data-elementor-post-type=\"page\">\n\t\t\t\t\t\t<section class=\"elementor-section elementor-top-section elementor-element elementor-element-2c492bfb elementor-section-full_width elementor-section-height-default elementor-section-height-default\" data-id=\"2c492bfb\" data-element_type=\"section\" data-settings=\"{&quot;background_background&quot;:&quot;classic&quot;}\">\n\t\t\t\t\t\t\t<div class=\"elementor-background-overlay\"><\/div>\n\t\t\t\t\t\t\t<div class=\"elementor-container elementor-column-gap-wider\">\n\t\t\t\t\t<div class=\"elementor-column elementor-col-100 elementor-top-column elementor-element elementor-element-4c3a2a00\" data-id=\"4c3a2a00\" data-element_type=\"column\" data-settings=\"{&quot;background_background&quot;:&quot;classic&quot;}\">\n\t\t\t<div class=\"elementor-widget-wrap elementor-element-populated\">\n\t\t\t\t\t\t<section class=\"elementor-section elementor-inner-section elementor-element elementor-element-3a50cb84 elementor-section-height-min-height elementor-section-boxed elementor-section-height-default\" data-id=\"3a50cb84\" data-element_type=\"section\" data-settings=\"{&quot;background_background&quot;:&quot;classic&quot;}\">\n\t\t\t\t\t\t\t<div class=\"elementor-background-overlay\"><\/div>\n\t\t\t\t\t\t\t<div class=\"elementor-container elementor-column-gap-wider\">\n\t\t\t\t\t<div class=\"elementor-column elementor-col-100 elementor-inner-column elementor-element elementor-element-62ae4a5e\" data-id=\"62ae4a5e\" data-element_type=\"column\">\n\t\t\t<div class=\"elementor-widget-wrap elementor-element-populated\">\n\t\t\t\t\t\t\t<\/div>\n\t\t<\/div>\n\t\t\t\t\t<\/div>\n\t\t<\/section>\n\t\t\t\t\t<\/div>\n\t\t<\/div>\n\t\t\t\t\t<\/div>\n\t\t<\/section>\n\t\t\t\t<section class=\"elementor-section elementor-top-section elementor-element elementor-element-1d597fe2 elementor-section-boxed elementor-section-height-default elementor-section-height-default\" data-id=\"1d597fe2\" data-element_type=\"section\">\n\t\t\t\t\t\t<div class=\"elementor-container elementor-column-gap-wider\">\n\t\t\t\t\t<div class=\"elementor-column elementor-col-50 elementor-top-column elementor-element elementor-element-b9fd450\" data-id=\"b9fd450\" data-element_type=\"column\">\n\t\t\t<div class=\"elementor-widget-wrap elementor-element-populated\">\n\t\t\t\t\t\t<div class=\"elementor-element elementor-element-6c842897 elementor-widget elementor-widget-heading\" data-id=\"6c842897\" data-element_type=\"widget\" data-widget_type=\"heading.default\">\n\t\t\t\t\t<h2 class=\"elementor-heading-title elementor-size-default\">Reservaci\u00f3n, confirmaci\u00f3n y Pol\u00edticas de pago<\/h2>\t\t\t\t<\/div>\n\t\t\t\t<div class=\"elementor-element elementor-element-47b585a0 elementor-widget elementor-widget-text-editor\" data-id=\"47b585a0\" data-element_type=\"widget\" data-widget_type=\"text-editor.default\">\n\t\t\t\t\t\t\t\t\t<ol><li>Reservar por medio de correo electr\u00f3nico a (<a href=\"mailto:sales@feelinggalapagos.com.ec\">sales@feelinggalapagos.com.ec<\/a>) indicando el tour, n\u00famero de personas que viajan y fechas.<\/li><li>Verificaci\u00f3n de disponibilidad y envi\u00f3 de link de pago.<\/li><li>Pago del 100% del valor, no se aceptan pagos parciales.<\/li><li>Una vez confirmado el pago ser\u00e1 enviado a usted la confirmaci\u00f3n del servicio solicitado.<\/li><\/ol>\t\t\t\t\t\t\t\t<\/div>\n\t\t\t\t<div class=\"elementor-element elementor-element-bd0761b elementor-widget elementor-widget-heading\" data-id=\"bd0761b\" data-element_type=\"widget\" data-widget_type=\"heading.default\">\n\t\t\t\t\t<h2 class=\"elementor-heading-title elementor-size-default\">M\u00e9todos de pago:<\/h2>\t\t\t\t<\/div>\n\t\t\t\t<div class=\"elementor-element elementor-element-d40a37e elementor-widget elementor-widget-text-editor\" data-id=\"d40a37e\" data-element_type=\"widget\" data-widget_type=\"text-editor.default\">\n\t\t\t\t\t\t\t\t\t<ul><li>Tarjetas de cr\u00e9dito \/debito- pago online<\/li><li>Deposito\/transferencia bancaria con 20 d\u00edas de anticipaci\u00f3n en caso de ser bancos extranjeros<\/li><\/ul>\t\t\t\t\t\t\t\t<\/div>\n\t\t\t\t<div class=\"elementor-element elementor-element-f62369a elementor-widget elementor-widget-heading\" data-id=\"f62369a\" data-element_type=\"widget\" data-widget_type=\"heading.default\">\n\t\t\t\t\t<h2 class=\"elementor-heading-title elementor-size-default\">Pol\u00edticas de cancelaci\u00f3n<\/h2>\t\t\t\t<\/div>\n\t\t\t\t<div class=\"elementor-element elementor-element-559011f elementor-widget elementor-widget-text-editor\" data-id=\"559011f\" data-element_type=\"widget\" data-widget_type=\"text-editor.default\">\n\t\t\t\t\t\t\t\t\t<p style=\"text-align: left;\">Para modificar su reserva puede hacerlo al correo <a href=\"mailto:gerencia@feelinggalapagos.com.ec\">gerencia@feelinggalapagos.com.ec<\/a> en horarios laborables de lunes a viernes 07:00 \u2013 18:00.<\/p><p>En caso que se diera de baja la reservaci\u00f3n por parte del pasajero, estar\u00e1 sujeto a las penalidades respectivas seg\u00fan corresponda de la siguiente manera:<\/p>\t\t\t\t\t\t\t\t<\/div>\n\t\t\t\t<div class=\"elementor-element elementor-element-69a513d elementor-widget__width-initial elementor-widget elementor-widget-text-editor\" data-id=\"69a513d\" data-element_type=\"widget\" data-widget_type=\"text-editor.default\">\n\t\t\t\t\t\t\t\t\t<ul><li>30 d\u00edas previos\u00a0<\/li><li>45 d\u00edas previos\u00a0<\/li><\/ul>\t\t\t\t\t\t\t\t<\/div>\n\t\t\t\t<div class=\"elementor-element elementor-element-1a23ae5 elementor-widget__width-initial elementor-widget elementor-widget-text-editor\" data-id=\"1a23ae5\" data-element_type=\"widget\" data-widget_type=\"text-editor.default\">\n\t\t\t\t\t\t\t\t\t<p>100% de penalizaci\u00f3n<br \/>50% de penalizaci\u00f3n<\/p>\t\t\t\t\t\t\t\t<\/div>\n\t\t\t\t<div class=\"elementor-element elementor-element-18b005a elementor-widget elementor-widget-text-editor\" data-id=\"18b005a\" data-element_type=\"widget\" data-widget_type=\"text-editor.default\">\n\t\t\t\t\t\t\t\t\t<p style=\"text-align: center;\"><span style=\"font-weight: bolder; text-align: center;\">20% no es rembolsable.<\/span><\/p>\t\t\t\t\t\t\t\t<\/div>\n\t\t\t\t<div class=\"elementor-element elementor-element-fbc0bde elementor-widget elementor-widget-heading\" data-id=\"fbc0bde\" data-element_type=\"widget\" data-widget_type=\"heading.default\">\n\t\t\t\t\t<h2 class=\"elementor-heading-title elementor-size-default\">Recomendaciones:<\/h2>\t\t\t\t<\/div>\n\t\t\t\t<div class=\"elementor-element elementor-element-50e89e6 elementor-widget elementor-widget-text-editor\" data-id=\"50e89e6\" data-element_type=\"widget\" data-widget_type=\"text-editor.default\">\n\t\t\t\t\t\t\t\t\t<ul><li>Contratar seguro de viaje<\/li><li>Tener sus documentos de viaje al d\u00eda ya que no ser\u00e1n justificativo para cancelar los servicios contratados con la agencia Feeling Gal\u00e1pagos.<\/li><li>Las actividades contratadas por el pasajero est\u00e1n bajo su propia responsabilidad.<\/li><li>Las actividades e itinerarios est\u00e1n sujetos a cambios por condiciones clim\u00e1ticas, orden del Parque Nacional Gal\u00e1pagos o causa mayor.<\/li><li>Actualizar tu reloj y celular a hora de Gal\u00e1pagos (UTC-6)<\/li><\/ul>\t\t\t\t\t\t\t\t<\/div>\n\t\t\t\t\t<\/div>\n\t\t<\/div>\n\t\t\t\t<div class=\"elementor-column elementor-col-50 elementor-top-column elementor-element elementor-element-79950cb3\" data-id=\"79950cb3\" data-element_type=\"column\">\n\t\t\t<div class=\"elementor-widget-wrap elementor-element-populated\">\n\t\t\t\t\t\t<div class=\"elementor-element elementor-element-32b4327d elementor-widget elementor-widget-spacer\" data-id=\"32b4327d\" data-element_type=\"widget\" data-widget_type=\"spacer.default\">\n\t\t\t\t\t\t\t<div class=\"elementor-spacer\">\n\t\t\t<div class=\"elementor-spacer-inner\"><\/div>\n\t\t<\/div>\n\t\t\t\t\t\t<\/div>\n\t\t\t\t\t<\/div>\n\t\t<\/div>\n\t\t\t\t\t<\/div>\n\t\t<\/section>\n\t\t\t\t<\/div>\n\t\t","protected":false},"excerpt":{"rendered":"<p>Reservaci\u00f3n, confirmaci\u00f3n y Pol\u00edticas de pago Reservar por medio de correo electr\u00f3nico a (sales@feelinggalapagos.com.ec) indicando el tour, n\u00famero de personas que viajan y fechas. Verificaci\u00f3n de disponibilidad y envi\u00f3 de link de pago. Pago del 100% del valor, no se aceptan pagos parciales. Una vez confirmado el pago ser\u00e1 enviado a usted la confirmaci\u00f3n del [&hellip;]<\/p>\n","protected":false},"author":4,"featured_media":0,"parent":0,"menu_order":0,"comment_status":"closed","ping_status":"closed","template":"","meta":{"_acf_changed":false,"footnotes":""},"class_list":["post-655","page","type-page","status-publish","hentry"],"acf":[],"_links":{"self":[{"href":"https:\/\/feelinggalapagos.com.ec\/site\/wp-json\/wp\/v2\/pages\/655","targetHints":{"allow":["GET"]}}],"collection":[{"href":"https:\/\/feelinggalapagos.com.ec\/site\/wp-json\/wp\/v2\/pages"}],"about":[{"href":"https:\/\/feelinggalapagos.com.ec\/site\/wp-json\/wp\/v2\/types\/page"}],"author":[{"embeddable":true,"href":"https:\/\/feelinggalapagos.com.ec\/site\/wp-json\/wp\/v2\/users\/4"}],"replies":[{"embeddable":true,"href":"https:\/\/feelinggalapagos.com.ec\/site\/wp-json\/wp\/v2\/comments?post=655"}],"version-history":[{"count":7,"href":"https:\/\/feelinggalapagos.com.ec\/site\/wp-json\/wp\/v2\/pages\/655\/revisions"}],"predecessor-version":[{"id":671,"href":"https:\/\/feelinggalapagos.com.ec\/site\/wp-json\/wp\/v2\/pages\/655\/revisions\/671"}],"wp:attachment":[{"href":"https:\/\/feelinggalapagos.com.ec\/site\/wp-json\/wp\/v2\/media?parent=655"}],"curies":[{"name":"wp","href":"https:\/\/api.w.org\/{rel}","templated":true}]}}